= -197*a + 2. Let r(q) = -2*j(q) + 4*y(q). Let k be r(-2). Let w = k - -1269. Is w a prime number?
False
Let v = -786 + 786. Suppose -4*i + 16 = v, 4*i - 24825 = 4*o - 104865. Is o prime?
False
Is (3 + -14)/((-101280)/(-709058) + 2/(-14)) a composite number?
True
Let w be (-44678)/(-10) + 18/90. Let p = w + -1061. Is p composite?
False
Let j(f) be the second derivative of -f**5/5 - f**4/3 + 2*f**3/3 + f**2/2 + 50*f. Let x be j(2). Is (-2)/6 - 94978/x prime?
False
Is 132854 + -1*((6 - 2) + -9) composite?
False
Let f(u) = -61988*u - 293. Is f(-2) a prime number?
False
Suppose -i + 6 = 0, 220557 = -g + 4*g - 4*i. Is g a prime number?
False
Let j(b) = -b**3 - 22*b**2 - 35*b + 7. Let s be j(-20). Let a = s + 180. Is a composite?
True
Suppose -h = -u - 8, -9 = 3*h - 2*u - 37. Let l(c) = 391*c - 83. Is l(h) a composite number?
True
Let d(j) = -j**2 - 29*j - 152. Let y be d(-22). Suppose -3*b + 5*m = -23678, y*b + 2*b + 5*m = 31629. Is b prime?
True
Let g be (3/(-9))/(1/(-38436)). Is (g/8 - (0 + 2))*2 a composite number?
True
Let c be ((-2)/(-4))/(4*(-2)/80). Let y(l) = -15*l**3 + 3*l**2 + 6*l + 14. Is y(c) a composite number?
True
Let f(a) = 64*a - 13. Suppose -m + 4*m = -18. Let z be (-1 + (-2)/m)/((-1)/9). Is f(z) composite?
True
Let q(c) = c**3 - 3*c**2 + 7*c - 40. Let s be q(4). Suppose -u + 6*u - 36943 = -3*x, -s*u + 29552 = 3*x. Is u a prime number?
False
Let p be -4 + (5/(-10))/(2/(-40)). Suppose p*i - 21018 = -0*i. Is i a prime number?
False
Let n(s) = -15*s**2 + 3*s + 3. Let t be n(-1). Let u(b) = 13*b - 3*b**2 - 3 + 4*b**2 - 6. Is u(t) prime?
False
Let g = -1472 - -4966. Let n = -1461 + g. Is n prime?
False
Is -33*3/27 - (-4)/6 - -11866 composite?
False
Let g(d) = 107*d**3 + 3*d**2 - 53*d + 76. Is g(6) composite?
True
Let l = -153 + 157. Suppose l*x + 9242 = 6*x. Is x a prime number?
True
Let x(g) = -457*g**2 - 3*g + 13. Let d be x(-4). Let i = d + 11389. Suppose -5*s + i = -5013. Is s prime?
True
Is (-172)/344*585282/(-3) a prime number?
True
Let a(j) = 5*j**2 + 42*j - 5. Let l be a(-21). Let n be (l/8)/(1 - (-54)/(-56)). Suppose 6*x - n = -x. Is x prime?
True
Let q = -4611 + 3276. Suppose -3*h + 5758 + 1700 = 0. Let y = q + h. Is y a composite number?
False
Let n(v) = 2649*v + 184. Is n(1) a prime number?
True
Suppose -260858 = -4*n + 2*d - 26254, -20 = 5*d. Is n prime?
False
Suppose 0 = b + 214029 - 844245. Is (3/4 + 0)/(18/b) a composite number?
True
Let k(u) = -161*u**3 + 3*u**2 - 64*u - 181. Is k(-3) prime?
False
Let z = 83345 - 2260. Is z composite?
True
Suppose 14*l - 16*l + 18 = 0. Suppose l*h - 9176 = 6367. Is h prime?
False
Let u = -198813 - -318526. Is u a composite number?
True
Suppose 1516 = 2*f + 4*v - 766, 3*v = -3*f + 3408. Suppose q - f = -n, -q + 4*n - 1128 = -2*q. Let c = -663 + q. Is c a composite number?
True
Let o = 107314 + 10563. Is o composite?
False
Let a(k) = -k - k**3 + 0 - 9 + 10 + k**2. Let g(p) = 9*p**3 + p**2 + 2*p - 1. Let w(j) = a(j) + g(j). Is w(5) composite?
True
Let v(x) be the second derivative of x**4 - 17*x**3/3 - 39*x**2/2 - 9*x - 6. Is v(19) prime?
False
Let q be -1 + 20/(-4) + 60. Suppose 0 = 4*x + l - q - 8, 2 = -l. Suppose 0 = 2*n - x - 238. Is n prime?
True
Let u = -46824 - -106835. Is u composite?
True
Let h(m) = 7*m**3 - 13*m**2 + 19*m + 4. Suppose -35 + 10 = -5*y. Suppose 0 = -8*w + y + 51. Is h(w) a composite number?
False
Let z(q) = 2*q**2 - 21*q - 11. Let y be z(11). Let c be 551 + (1 - (4 - y)). Let p = 925 - c. Is p a composite number?
True
Suppose -82*y = -92*y + 5382405 + 1291505. Is y a prime number?
False
Let k(x) be the third derivative of -12*x**2 + 33/4*x**4 + 0 + 1/2*x**3 + 0*x. Is k(1) a prime number?
False
Let k(r) = 26*r**2 - 9*r - 35. Let s be k(-11). Suppose -881*d + s = -875*d. Is d prime?
False
Suppose 282*f + 5900716 = 358*f. Is f composite?
False
Suppose 6142*l - 6137*l - 826505 = 0. Is l a composite number?
True
Is (45072045/(-1620))/(2*(-1)/8) prime?
False
Is 3776909/9 + -13*80/(-2340) prime?
False
Let j be ((-4)/(-3))/((-12)/(-27)). Suppose 5*m - j*m = -2*k + 2542, -5*k + 6355 = -3*m. Is k composite?
True
Suppose -4*q + 7 = -11*q. Let d be q + 2 - (8 - 10). Suppose 4*b = -d*b + 2849. Is b prime?
False
Suppose -11*k + 123423 = -1676947. Suppose 30*v = k + 68860. Is v prime?
False
Suppose -251757 = -23*z + 79466. Is z prime?
True
Suppose -j + 4*y + 600 = j, 0 = 4*j - 4*y - 1204. Suppose 14*v - j = -92. Is (-163)/(1 - (63/v - 3)) composite?
True
Suppose 14 = f + 13, -3*h = -3*f - 1944. Suppose 5*b - 8 - 117 = 0. Suppose -26*k + h = -b*k. Is k a prime number?
False
Suppose -71*z - 2514156 = -147*z. Is z composite?
True
Suppose 5*u - 18 = 32. Is u/(-65) + 588366/78 prime?
False
Suppose -r = 6, 7*q + 2*r + 310522 = 12*q. Is q a composite number?
True
Let q = -1184 + 430. Let g = -449 - q. Is g a composite number?
True
Suppose -59857 = 49*j - 66*j. Is j composite?
True
Let a(w) = 586*w**3 + 6*w**2 + 71*w - 230. Is a(3) a prime number?
True
Suppose -2*r - 2 = 7*w - 5*w, 2*r + 11 = -5*w. Let j(d) = 325*d**2 + 9*d - 21. Is j(r) a prime number?
True
Suppose -13*i + 308 = -82. Is (1733/(-9))/(i/(-270)) composite?
False
Let a = 304 + -937. Suppose 2*l - 2*w - 6 = 0, -l + 4*w - 10 = -28. Is a/(-3)*(l + 3) prime?
True
Suppose 2 = -5*g - 3*j + 27, -14 = 3*g - 4*j. Suppose 3*a - g*c - 8 = 0, c = -4*c + 10. Is (-2)/(-2 + a)*-71 a composite number?
False
Suppose 0 = -182*h - 176*h + 361079158. Is h composite?
True
Suppose 13*o - 4027 - 4111 = 0. Suppose o = q - 5147. Is q composite?
True
Let i be (9 - 5)*1/4. Let n be (-270)/(i/(-1)) - (1 + -2). Suppose n = 2*u + 3*o - 275, 20 = 5*o. Is u a composite number?
True
Let g = 22168 + -1031. Is g a composite number?
True
Suppose 14*x = -3317 + 246903. Is x composite?
True
Suppose -36 = 125*u - 131*u. Let v(o) = 325*o - 121. Is v(u) a prime number?
False
Let b = 35 + -16. Let l(s) = -9*s**3 + 49*s**2 + 9*s + 56. Let g(m) = 5*m**3 - 25*m**2 - 5*m - 28. Let q(p) = 7*g(p) + 4*l(p). Is q(b) prime?
True
Suppose -6*v - 2*v = -14272. Suppose 3*o - v = 121. Is o composite?
True
Let l(t) be the third derivative of 59*t**5/30 - 5*t**4/12 + 13*t**3/6 - 21*t**2. Is l(6) a composite number?
False
Suppose 30*d + 32418734 = 39*d + 65*d. Is d a prime number?
True
Let d = -67567 - -1179. Is (-1)/((1/15)/(d/84)) prime?
False
Suppose -r - 40 = -4*a - 4*r, -5*a + 5*r + 50 = 0. Let v(q) = 8*q**3 - 4*q**2 - 3*q + 12. Let t be v(a). Let f = t - 5339. Is f a composite number?
False
Suppose -4*i + 143 = n, -5*i + 160 = -0*i - 5*n. Let m = -47 + i. Is 9/m - (-13475)/20 a composite number?
False
Let j be 91/13*(-334)/(-7). Suppose -18 = 4*i - j. Is i a composite number?
False
Is 3/(-5) + (-1601774)/(-40) - (-10)/8 composite?
True
Let z = 57 + -42. Let a(g) = -z + 29*g - 68*g + 31*g + 100. Is a(0) composite?
True
Let q(k) = 450*k**3 + 4*k**2 - 3*k + 1. Let j(a) = -a**2 + 16*a + 2. Let t be j(16). Suppose 3*x - 8 = 2*m - t, 0 = 5*m. Is q(x) composite?
True
Suppose -19*f - 85820 + 201929 = -373920. Is f a prime number?
False
Let f(p) = 468*p**2 + 206*p - 35. Is f(9) a composite number?
False
Let f = 2273 + -1471. Is f/6 + 35/105 a composite number?
True
Suppose 0 = t - 5*h + 23, 4*t - h + 134 = -2*h. Let o = -30 - t. Suppose -d = 3*j - 311 - 1054, 0 = -o*j - 2*d + 1368. Is j composite?
True
Suppose 0 = f - 4*k - 47, 40 - 165 = -3*f + 4*k. Suppose -f*w - 76434 = -45*w. Is w composite?
False
Let p(s) = -2705*s + 2084. Is p(-21) a composite number?
False
Let m(n) = -99835*n + 72. Is m(-3) composite?
True
Let k(y) = 155*y**3 + 2*y**2 + 52*y - 295. Is k(12) prime?
False
Let f(m) = 15*m**2 + 7*m + 1. Let h = -89 + 85. Let k(l) = 6*l + 30. Let u be k(h). Is f(u) prime?
False
Is 208961/(-2)*(-24 - (10 + -32)) composite?
False
Is (3/6)/(-5*(-10)/63908300) a composite number?
False
Let y be (8004/(-36))/(2/(-6)). Let o = 1713 - y. Is o composite?
True
Suppose 10*s - 46 = 14. Suppose 2*h - s - 6 = 0. Suppose 2*u + 1412 = h*u. Is u a prime number?
True
Let d(a) = -10723*a**3 + 2*a**2 + 34*a + 69. Is d(-2) a prime number?
True
Is (455/14)/(30/48)*(-41981)/(-4) a composite number?
True
Let g be (-1)/((-10)/(-42) - (-6)/(-21)). Is 24/56 - (-2 + (-145836)/g) a composite number?
False
Let g be -1*(-6)/(-21) + 39920/(-28). Suppose 17*p = 2*p + 39825. Let w = g + p. Is w a composite nu